{"id":74,"date":"2018-06-05T20:01:52","date_gmt":"2018-06-05T18:01:52","guid":{"rendered":"http:\/\/le-cabri.be\/?page_id=74"},"modified":"2026-04-15T20:25:52","modified_gmt":"2026-04-15T18:25:52","slug":"contact","status":"publish","type":"page","link":"https:\/\/le-cabri.be\/?page_id=74","title":{"rendered":"Contact"},"content":{"rendered":"<p><strong>Par mail via : info.lecabri@gmail.com<\/strong><\/p>\n<p>Adresse de la salle : Chauss\u00e9e de la gare, 1A \u00e0 5081 Rhisnes<\/p>\n<p>Tel : 0498\/69.92.58 (un sms de pr\u00e9f\u00e9rence ou <strong>un mail<\/strong> )<\/p>\n<p>Num\u00e9ro de compte : BE97 5230 8121 5549<\/p>\n<p>PS : Pour les demandes d&#8217;informations et autre, \u00e9tant en mi-temps ( et \u00e0 l&#8217;\u00e9tranger ), il est possible qu&#8217;il y ait un d\u00e9lai d&#8217;une \u00e0 deux semaines pour la r\u00e9ponse.<\/p>\n<p style=\"text-align: center;\"><span style=\"color: #ff0000;\">Si Urgence faire un SMS avec &#8220;urgence&#8221; comme premier mot \ud83d\ude09<\/span><\/p>\n<div class=\"rj1gh0hx buofh1pr j83agx80 l9j0dhe7 cbu4d94t ni8dbmo4 stjgntxs\">\n<div class=\"rj1gh0hx buofh1pr l9j0dhe7 j83agx80 cbu4d94t agkhgkm8\">\n<div class=\"rj1gh0hx buofh1pr ni8dbmo4 stjgntxs j83agx80 cbu4d94t\">\n<div class=\"buofh1pr j83agx80 eg9m0zos ni8dbmo4 cbu4d94t gok29vw1\">\n<div class=\"\">\n<div role=\"grid\" aria-label=\"Messages\">\n<div class=\"g5ia77u1 jwdofwj8 pby63qed\" data-testid=\"outgoing_group\">\n<div role=\"row\" data-testid=\"mwchat_outgoing_row\">\n<div class=\"\">\n<div class=\"j83agx80 r8blr3vg\">\n<div class=\"pfnyh3mw ewlkfwdl j83agx80 bp9cbjyn qnrpqo6b jxrgncrl\">\n<div class=\"\">\n<div class=\"lzcic4wl\" tabindex=\"0\" role=\"gridcell\" data-scope=\"messages_table\">\n<div class=\"mkd47r93 rgmg9uty j83agx80 rl25f0pe\" role=\"menu\" aria-orientation=\"horizontal\" aria-label=\"Actions de message\">\n<div>\n<div class=\"\">\n<div class=\"oajrlxb2 gs1a9yip g5ia77u1 mtkw9kbi tlpljxtp qensuy8j ppp5ayq2 goun2846 ccm00jje s44p3ltw mk2mc5f4 rt8b4zig n8ej3o3l agehan2d sk4xxmp2 rq0escxv nhd2j8a9 pq6dq46d mg4g778l btwxx1t3 pfnyh3mw p7hjln8o kvgmc6g5 cxmmr5t8 oygrvhab hcukyx3x tgvbjcpo hpfvmrgz jb3vyjys rz4wbd8a qt6c0cv9 a8nywdso l9j0dhe7 i1ao9s8h esuyzwwr f1sip0of du4w35lb lzcic4wl abiwlrkh p8dawk7l\" tabindex=\"0\" role=\"menuitem\" aria-expanded=\"false\" aria-haspopup=\"menu\" aria-label=\"R\u00e9agir\">\n<div class=\"hcukyx3x cxmmr5t8 b73ngqbp rgmg9uty j83agx80 s45kfl79 emlxlaya bkmhp75w spb7xbtv pfnyh3mw n5ue3fu6 bp9cbjyn taijpn5t oqcyycmt nhd2j8a9 opvtebq1 l9j0dhe7\">\n<div class=\"p1ueia1e pgctjfs5 l8rlqa9s sh06z9xi i2p6rm4e\"><\/div>\n<\/div>\n<\/div>\n<\/div>\n<\/div>\n<div>\n<div class=\"hcukyx3x cxmmr5t8 b73ngqbp rgmg9uty j83agx80 s45kfl79 emlxlaya bkmhp75w spb7xbtv pfnyh3mw n5ue3fu6 bp9cbjyn taijpn5t oqcyycmt nhd2j8a9 opvtebq1 l9j0dhe7\">\n<div class=\"oajrlxb2 gs1a9yip g5ia77u1 mtkw9kbi tlpljxtp qensuy8j ppp5ayq2 goun2846 ccm00jje s44p3ltw mk2mc5f4 rt8b4zig n8ej3o3l agehan2d sk4xxmp2 rq0escxv nhd2j8a9 pq6dq46d mg4g778l btwxx1t3 pfnyh3mw p7hjln8o kvgmc6g5 cxmmr5t8 oygrvhab hcukyx3x tgvbjcpo hpfvmrgz jb3vyjys rz4wbd8a qt6c0cv9 a8nywdso l9j0dhe7 i1ao9s8h esuyzwwr f1sip0of du4w35lb lzcic4wl abiwlrkh p8dawk7l\" tabindex=\"0\" role=\"menuitem\" aria-label=\"R\u00e9pondre\">\n<div class=\"p1ueia1e pgctjfs5 l8rlqa9s sh06z9xi i2p6rm4e\"><\/div>\n<\/div>\n<\/div>\n<\/div>\n<\/div>\n<\/div>\n<\/div>\n<\/div>\n<\/div>\n<\/div>\n<\/div>\n<\/div>\n<\/div>\n<\/div>\n<\/div>\n<\/div>\n<\/div>\n<\/div>\n","protected":false},"excerpt":{"rendered":"<div class=\"mh-excerpt\"><p>Par mail via : info.lecabri@gmail.com Adresse de la salle : Chauss\u00e9e de la gare, 1A \u00e0 5081 Rhisnes Tel : 0498\/69.92.58 (un sms de pr\u00e9f\u00e9rence <a class=\"mh-excerpt-more\" href=\"https:\/\/le-cabri.be\/?page_id=74\" title=\"Contact\"><span>Read More<\/span><\/a><\/p>\n<\/div>","protected":false},"author":1,"featured_media":0,"parent":0,"menu_order":0,"comment_status":"closed","ping_status":"closed","template":"","meta":[],"_links":{"self":[{"href":"https:\/\/le-cabri.be\/index.php?rest_route=\/wp\/v2\/pages\/74"}],"collection":[{"href":"https:\/\/le-cabri.be\/index.php?rest_route=\/wp\/v2\/pages"}],"about":[{"href":"https:\/\/le-cabri.be\/index.php?rest_route=\/wp\/v2\/types\/page"}],"author":[{"embeddable":true,"href":"https:\/\/le-cabri.be\/index.php?rest_route=\/wp\/v2\/users\/1"}],"replies":[{"embeddable":true,"href":"https:\/\/le-cabri.be\/index.php?rest_route=%2Fwp%2Fv2%2Fcomments&post=74"}],"version-history":[{"count":14,"href":"https:\/\/le-cabri.be\/index.php?rest_route=\/wp\/v2\/pages\/74\/revisions"}],"predecessor-version":[{"id":548,"href":"https:\/\/le-cabri.be\/index.php?rest_route=\/wp\/v2\/pages\/74\/revisions\/548"}],"wp:attachment":[{"href":"https:\/\/le-cabri.be\/index.php?rest_route=%2Fwp%2Fv2%2Fmedia&parent=74"}],"curies":[{"name":"wp","href":"https:\/\/api.w.org\/{rel}","templated":true}]}}