{"id":62,"date":"2018-06-05T08:11:16","date_gmt":"2018-06-05T06:11:16","guid":{"rendered":"http:\/\/le-cabri.be\/?page_id=62"},"modified":"2026-03-10T15:00:55","modified_gmt":"2026-03-10T14:00:55","slug":"accueil","status":"publish","type":"page","link":"https:\/\/le-cabri.be\/","title":{"rendered":"Accueil"},"content":{"rendered":"<div class=\"kvgmc6g5 cxmmr5t8 oygrvhab hcukyx3x c1et5uql ii04i59q\" style=\"text-align: center;\">\n<div class=\"o9v6fnle cxmmr5t8 oygrvhab hcukyx3x c1et5uql ii04i59q\">\n<div dir=\"auto\">\n<h5 style=\"text-align: center;\">\u00a0<\/h5>\n<\/div>\n<div dir=\"auto\">\u00a0<\/div>\n<div dir=\"auto\" style=\"text-align: center;\"><strong><span style=\"font-size: inherit;\">Bienvenue \u00e0 la salle d&#8217;escalade de Rhisnes, d\u00e9passement, joie, coordination, rire, r\u00e9flexion, apprentissage autonome,&#8230; Et osons le mot,&#8230; Falaise ? Et oui tout y est !<\/span><\/strong><\/div>\n<div dir=\"auto\" style=\"text-align: center;\"><strong><span style=\"font-size: inherit;\"><span style=\"font-size: inherit;\">Dans une ambiance conviviale et sympathique. !<\/span><\/span><\/strong><\/div>\n<\/div>\n<\/div>\n<div class=\"kvgmc6g5 cxmmr5t8 oygrvhab hcukyx3x c1et5uql ii04i59q\" style=\"text-align: center;\">\n<div class=\"o9v6fnle cxmmr5t8 oygrvhab hcukyx3x c1et5uql ii04i59q\">\n<div dir=\"auto\" style=\"text-align: center;\">\u00a0<\/div>\n<\/div>\n<\/div>\n<h4>Les sorties falaises sont enfin au programme !! \ud83d\ude42\u00a0<\/h4>\n<h4 style=\"text-align: center;\">CF: onglet falaise \ud83d\ude42<\/h4>\n<h2 class=\"kvgmc6g5 cxmmr5t8 oygrvhab hcukyx3x c1et5uql ii04i59q\" style=\"text-align: center;\"><span style=\"color: #ff0000;\"><strong>Pour vous aidez dans ce choix nous organisons une journ\u00e9e porte ouverte le samedi 23 Mai de 14h \u00e0 17h \ud83d\ude42\u00a0 \u00a0<\/strong><\/span><\/h2>\n<p style=\"text-align: center;\">Le d\u00e9roulement de la l&#8217;apr\u00e8s-midi est tr\u00e8s simple, vous venez quand vous voulez, avec votre enfants ou pour vous m\u00eame, \u00a0tester une ou plusieurs voies d&#8217;escalades. Et cela, avec bien s\u00fbr, un moniteur sp\u00e9cialis\u00e9e dans le domaine.<\/p>\n<p style=\"text-align: center;\">On vous pr\u00e9sente un peu les lieux et l&#8217;\u00e9quipe. On vous explique le d\u00e9roulement de l&#8217;ann\u00e9e et les \u00e9ventuelles sorties falaise pr\u00e9vu.<\/p>\n\n\n<p>Une petite visite sur <a href=\"https:\/\/www.facebook.com\/pg\/le-cabri.be\/posts\/?ref=page_internal\">Facebook\u00a0<\/a>?<\/p>\n\n\n\n<p><em><strong>PS : Pour les demandes d&#8217;informations et autre, \u00e9tant en mi-temps (et \u00e0 l&#8217;\u00e9tranger), il est possible qu&#8217;il y ait un d\u00e9lai <\/strong>d&#8217;une \u00e0 deux semaine pour la r\u00e9ponse. \ud83d\ude09\u00a0<\/em><\/p>\n","protected":false},"excerpt":{"rendered":"<div class=\"mh-excerpt\"><p>\u00a0 \u00a0 Bienvenue \u00e0 la salle d&#8217;escalade de Rhisnes, d\u00e9passement, joie, coordination, rire, r\u00e9flexion, apprentissage autonome,&#8230; Et osons le mot,&#8230; Falaise ? Et oui tout <a class=\"mh-excerpt-more\" href=\"https:\/\/le-cabri.be\/\" title=\"Accueil\"><span>Read More<\/span><\/a><\/p>\n<\/div>","protected":false},"author":1,"featured_media":99,"parent":0,"menu_order":0,"comment_status":"closed","ping_status":"closed","template":"","meta":[],"_links":{"self":[{"href":"https:\/\/le-cabri.be\/index.php?rest_route=\/wp\/v2\/pages\/62"}],"collection":[{"href":"https:\/\/le-cabri.be\/index.php?rest_route=\/wp\/v2\/pages"}],"about":[{"href":"https:\/\/le-cabri.be\/index.php?rest_route=\/wp\/v2\/types\/page"}],"author":[{"embeddable":true,"href":"https:\/\/le-cabri.be\/index.php?rest_route=\/wp\/v2\/users\/1"}],"replies":[{"embeddable":true,"href":"https:\/\/le-cabri.be\/index.php?rest_route=%2Fwp%2Fv2%2Fcomments&post=62"}],"version-history":[{"count":61,"href":"https:\/\/le-cabri.be\/index.php?rest_route=\/wp\/v2\/pages\/62\/revisions"}],"predecessor-version":[{"id":579,"href":"https:\/\/le-cabri.be\/index.php?rest_route=\/wp\/v2\/pages\/62\/revisions\/579"}],"wp:featuredmedia":[{"embeddable":true,"href":"https:\/\/le-cabri.be\/index.php?rest_route=\/wp\/v2\/media\/99"}],"wp:attachment":[{"href":"https:\/\/le-cabri.be\/index.php?rest_route=%2Fwp%2Fv2%2Fmedia&parent=62"}],"curies":[{"name":"wp","href":"https:\/\/api.w.org\/{rel}","templated":true}]}}